*2 - 2*d - 3. Let h be k(-2). Suppose 0 = -5*o + 4*o + h. What is the remainder when 23 is divided by o?
10
Suppose -5 = d, -5*y + 3*d + 6 + 59 = 0. Calculate the remainder when 39 is divided by y.
9
Let h(s) = s**2 + 7*s + 2. Let g = -28 + 20. Calculate the remainder when h(g) is divided by 4.
2
Suppose 9*p - 4*p - 2*m - 377 = 0, -93 = -p - 4*m. What is the remainder when p is divided by 21?
14
Let l = -14 + 31. Calculate the remainder when 30 is divided by l.
13
Let d = -2 - -10. What is the remainder when 12 is divided by d?
4
Let s(n) = 3*n - 4. Let o be s(3). Let q(h) = h**2 - 3*h - 3. What is the remainder when q(o) is divided by (2/(-4))/((-2)/12)?
1
Suppose -3*x - 40 = -5*j, 0*j + 5*x = 2*j - 35. Suppose -j*v = -88 - 22. Calculate the remainder when v is divided by 8.
6
Let w = -78 + 36. Let s be w/8 + (-3)/(-12). Let g = s - -13. Calculate the remainder when 22 is divided by g.
6
Suppose -2*g + 35 = -4*u - 17, 3*u + 39 = 4*g. Let o = u - -20. What is the remainder when 18 is divided by o?
4
Calculate the remainder when 2/4*6/3 is divided by (-1 + (-1)/(-3))/(64/(-96)).
0
Let j(t) = t + 31. Calculate the remainder when 41 is divided by j(-9).
19
Let o(s) = s**2 - 13*s + 48. Calculate the remainder when o(14) is divided by 158/5 + (-2)/(-5).
30
Suppose -n + 6 = -13. Suppose n = 2*i - 13. Let b = -16 + 25. What is the remainder when i is divided by b?
7
Suppose -3*v - 27 = -4*q - q, -19 = -4*q + 5*v. Let n be (-6)/(2 + (-14)/6). Let w = 35 - n. What is the remainder when w is divided by q?
5
Let o(c) = c**2 + 6*c - 5. Let u be o(-8). Let d = 45 - u. Let y = 31 - 19. What is the remainder when d is divided by y?
10
Let s(a) = 2*a + 2. Let z be s(12). Suppose i - 23 = z. Calculate the remainder when i is divided by 13.
10
Suppose -144 = -3*k + 141. Suppose -k = -3*u - 2*u. What is the remainder when u is divided by (5*2)/(0 + 1)?
9
Let j(l) = l**2 - 12*l + 1. Let y be j(12). Let q(b) = 15*b**2 + b. What is the remainder when 29 is divided by q(y)?
13
Let d(f) = 2*f - 4. Suppose 5*m + 2*t - 6*t - 80 = 0, 3*t = -3*m + 21. Let i be m/30 + 46/10. Calculate the remainder when 9 is divided by d(i).
3
Suppose -y + 4 = -15. Calculate the remainder when y*((-6)/3)/(-2) is divided by 11.
8
What is the remainder when 39 is divided by (-42)/(-1)*((-24)/9 + 3)?
11
Suppose 0 = 5*u + 2*r - 25, -2*r - 14 = -3*u - 3*r. Suppose 0 = p + 2*p - 5*f - 76, 24 = p - u*f. What is the remainder when p is divided by 14?
13
Let q(a) = a**3 + 3*a + 5*a**2 - 3*a + 2 - 6*a. Let i be q(-6). Suppose -s + 1 = 4*h + 2, 3*h + 31 = i*s. Calculate the remainder when s is divided by 4.
3
Suppose -2*m = -3*c + 2, -3*m - 3*c - 2 = -7*m. Let q be 3/(-3*m/4). Let f(i) = -i**3 - 2*i**2 - 4*i - 2. What is the remainder when 16 is divided by f(q)?
4
Suppose 4*a + 5*l = 196, 49 = a - 3*l - 0*l. Let k = -23 + a. Suppose -i + k = -0*i. Calculate the remainder when i is divided by 9.
8
Suppose -4*y = -5*i + 75, 4*y + 0*y = 3*i - 37. What is the remainder when 36 is divided by i?
17
Let c = 5 + -2. Suppose -r - r - 156 = -c*z, 5*z = 2*r + 256. What is the remainder when z is divided by 13?
11
Suppose 0 = -4*f + 14 + 18. What is the remainder when 28 is divided by f?
4
Suppose 17*n = 18*n - 3. Suppose 4*o = -2*a + o + 1, 0 = -4*a + 5*o + 35. What is the remainder when a is divided by n?
2
Suppose -3*s = 3*h + 2*s - 87, 0 = -3*h + 4*s + 87. Let a be (4/8)/((-2)/28). Let c = a + h. What is the remainder when c is divided by 8?
6
Let c be (16/(-2))/((-3)/9). Suppose w + c = 165. Suppose -k - w = -4*k. Calculate the remainder when k is divided by 16.
15
Let o(u) = 8*u**3. Suppose 6*c = 3*c + f - 75, 15 = 5*f. Let z = 54 + c. Calculate the remainder when z is divided by o(1).
6
Let h = -10 + 63. Suppose -h = -5*t + 27. Calculate the remainder when 61 is divided by t.
13
Suppose 0 = 4*b - d - 375, -b = -6*b - 4*d + 474. What is the remainder when b is divided by 24?
22
Suppose 0 = 2*s + 2*s + 16. Let h be s*2/(-4)*-1. What is the remainder when 6 is divided by 68/18 - h/9?
2
Let j be 1/(0 + -1) - 8. Let a = j + 17. Calculate the remainder when (-10 - 13)/(1 - 2) is divided by a.
7
Suppose 2*a = 5*i - 17, 2*i + 0*i = a + 6. Let p = -59 + 70. Calculate the remainder when p is divided by a.
3
Suppose -204 = -c - 50. What is the remainder when c is divided by 39?
37
Suppose -w - 2*w = -45. Let b = 4 + w. Let x(y) = 3*y**2 - 3*y - 5. Calculate the remainder when x(-4) is divided by b.
17
Suppose -2*b = -5*b + 15. Suppose b*p = 2*p + 27. Calculate the remainder when 16 is divided by p.
7
What is the remainder when -2 + 1 + 4 + 4 is divided by 4?
3
Let f(u) = 6*u. Let l(o) = -19*o + 1. Let v(g) = 14*f(g) + 4*l(g). Calculate the remainder when v(3) is divided by 15.
13
Let n = -8 - -11. Suppose -q = -n - 0. Suppose -4*b + 9*b - t - 8 = 0, 4*b = 5*t + 19. Calculate the remainder when q is divided by b.
0
Calculate the remainder when -4 + 3 + 10*5 is divided by 13.
10
Let y be (-8)/28 - (-30)/7. Suppose y*d = -2*k - 14 + 34, -k + 6 = d. What is the remainder when d is divided by 3?
1
Calculate the remainder when (-3)/2*560/(-24) is divided by 19.
16
Suppose 0 = o - 63 + 8. Suppose -2*j + 99 = -5*j. Let t = j + o. What is the remainder when t is divided by 12?
10
Suppose -2*y = -4*y + 5*n + 26, 0 = 4*n + 8. Calculate the remainder when 2/(-3)*(-930)/20 is divided by y.
7
Suppose 28 = -5*t + t. Let g = t - -16. Let m = -19 - -35. Calculate the remainder when m is divided by g.
7
Suppose -2*z - 4*g = -166, z - g = -3*z + 341. What is the remainder when z is divided by 22?
19
Calculate the remainder when 21 is divided by (4/(-10))/(-1)*15.
3
Let l = -24 - -75. Suppose 0 - 13 = -t. Calculate the remainder when l is divided by t.
12
Let z(l) = -l**2 - 5 + 4 - 8*l - 8. Calculate the remainder when z(-6) is divided by 3.
0
Let q(v) = -v**3 + 8*v**2 - 9*v + 8. Let p = 44 - 21. Suppose -3*d = -4 - p. What is the remainder when q(6) is divided by d?
8
Suppose 0 = p - 2*y - 28, 0 = -0*p + 5*p - 5*y - 145. What is the remainder when p is divided by 11?
8
Let l = 13 + -13. Suppose 4*p + l*p - 40 = 0. Calculate the remainder when p is divided by 15/3 + -1 + 2.
4
Calculate the remainder when (-2)/(570/96 + -6) is divided by 8.
0
Suppose -6 = k + 5*t, 5 = 5*k + 3*t - 9. Suppose -k*l - 13 = -5*l. What is the remainder when 1*1*(l - 2) is divided by 6?
5
Let k be 1*-1*(-2 - 0). Suppose -7*b + k*b + 145 = 0. What is the remainder when b is divided by 16?
13
Let w(g) = g - 2. Let j be w(2). Let y(q) = q**3 + q**2 - q + 3. Let t be y(j). Calculate the remainder when 26/t*27/6 is divided by 14.
11
Let r(j) = -12*j - 1. Let s be r(-3). Suppose -3*u + s - 5 = 0. Suppose -3*a - u = -8*a. What is the remainder when 5 is divided by a?
1
Let t(o) = -7*o**3 + 2*o**2 + 2*o + 1. What is the remainder when t(-2) is divided by 32?
29
Let z = -7 + 3. What is the remainder when 14 is divided by 1*(-10)/z*2?
4
What is the remainder when 11 is divided by 3 - (-5 - -3) - -2?
4
Let d = -8 + 12. Suppose -2*g = 3*t - 28, -1 = 3*t - d*g + 1. What is the remainder when 22 is divided by t?
4
Let x = 16 - 9. Let c(w) = -3*w - 2. Let p be c(-4). Suppose 10 = 5*a - p. What is the remainder when x is divided by a?
3
Let f(g) = -g + 4. Let o be f(4). Suppose o = k - 2*k + 13. Let h(d) = d**3 + 8*d**2 + 8*d + 1. What is the remainder when h(-6) is divided by k?
12
Let f = 4 + 12. Suppose -4*g + 40 + f = 0. Calculate the remainder when g is divided by 8.
6
Suppose -5*o = -98 + 33. What is the remainder when 23 is divided by o?
10
Let g = -77 + 136. Calculate the remainder when g is divided by 16.
11
Suppose -4*q + 4*y + 428 = 0, -4*q - q + 4*y = -536. What is the remainder when q is divided by 28?
24
Suppose b + b - 8 = 0. Let s be (1 + 12)/(1/b). Suppose 4*f = 0, -2*c + 0*c + 5*f = -s. Calculate the remainder when c is divided by 14.
12
What is the remainder when 12 + (0 - -1) + -3*1 is divided by 4?
2
What is the remainder when 5 is divided by 4 + (3 - (4 + -1))?
1
Suppose 7*k + 25 = 2*k. Let j(q) = q**2 + 2*q - 7. Let l be j(k). What is the remainder when 1*l*(-9)/(-4) is divided by 10?
8
Let m = 3 + -4. Let s be (-1 + 1/(-1))*m. Suppose 5*l - 56 = 5*p - s*p, 4*p + 1 = l. What is the remainder when 37 is divided by l?
11
Suppose 145 = 6*i - i. What 